m + 12673. What is the units digit of m?
7
What is the hundreds digit of (7 + 14110/(-15))/(6/(-36))?
6
Let s be 104 + 0 + (-1 - (2 - 5)). Let z = 22 + s. What is the units digit of z?
8
Let s = -9 + 23. Suppose -i - 4 = s. What is the units digit of 2/(-9) + (-94)/i?
5
Let g(p) = -p + 12. Let n be g(-6). Let i = n + -27. Let b(a) = a**3 + 10*a**2 + 5*a - 6. What is the units digit of b(i)?
0
Suppose 2*n + 22*m - 27*m = 1035, -3*m - 515 = -n. What is the hundreds digit of n?
5
Let s = -14 - -17. Suppose 1 = -g + s. What is the units digit of (76 + -1 - -1)/g?
8
Suppose -2*i + q = -96, 3*i + 2*q - 142 = 3*q. What is the tens digit of i*(7 + -3 + -2)?
9
Let d(k) = -204*k - 75. What is the hundreds digit of d(-6)?
1
Suppose -5*v - 27 = -3*l, 0 = 4*v + 8 + 4. Suppose 664 = -0*m + l*m. What is the units digit of m?
6
Let g = 2805 + 830. What is the hundreds digit of g?
6
Suppose -6*l + 49 + 23 = 0. Suppose -104 = -4*x + 4*q, -4*x - 3*q - l = -151. Suppose 3*z + x = 172. What is the tens digit of z?
4
Suppose -t - 4*u - 167 = 0, t - u = -211 + 69. Let h = 344 + t. What is the tens digit of h?
9
Let r(i) = 4*i**3 + 3*i**2 - 2*i - 4. Let j be r(-2). Let s(w) = -w + 18. What is the tens digit of s(j)?
3
Suppose -5*t = -t - 12. Suppose -62 - 13 = -t*q. What is the tens digit of q?
2
Let b(j) = 3*j**2 - 13*j + 3*j - 2*j**2 + 11. Let h be b(9). Suppose 11 = -y + h*y. What is the tens digit of y?
1
Suppose 6808 = 5*b - 3*f, 2716 = 2*b - 44*f + 41*f. What is the thousands digit of b?
1
Suppose 0 = -61*w + 1297 + 5779. Let f = 3 - -1. Suppose -w = -0*t - f*t. What is the tens digit of t?
2
Suppose 0 = -0*s + 5*s. Suppose -5*c + 37 + 93 = s. What is the tens digit of c?
2
Let s be (2 + -1)/((-4)/44). Let o(c) = 13*c**2 + 2*c**2 - 4*c**2 - 19 + c**3 + 4 - 3*c. What is the units digit of o(s)?
8
Let b(x) = x**2 + 3. Suppose 6*o = 2*h + o + 15, -2*o = -2*h - 6. Let v be b(h). Suppose v*a + 2*j + 9 = 86, -122 = -5*a + 3*j. What is the units digit of a?
5
Let d(c) = -84*c - 95. What is the hundreds digit of d(-6)?
4
What is the hundreds digit of 148/16*(-48)/(-3)?
1
Suppose p = 5*l - 18857, 2*p = 9*l - 45922 + 11979. What is the units digit of l?
1
Suppose 17 = -6*j - 97. What is the units digit of -72*(3 + j/4)?
6
Let t be 136/32 - 1/4. Suppose -t*y + 184 = 4*r, y - 95 + 19 = 5*r. What is the tens digit of y?
5
Let l be (4 - 6)/((3/(-474))/1). Suppose -l = -14*g + 2722. What is the tens digit of g?
1
Let b(r) = -r - 2 + 0 + 1 + 6. Let k be b(0). Suppose -51 = -k*n - 16. What is the units digit of n?
7
Suppose 2 = 7*u - 12. What is the units digit of (-45)/(-18) - 1 - (-139)/u?
1
Suppose -2*j = 5*b - 2, -5*j + 5 = -b - b. Suppose 3*g - 5*r + 59 = 68, -3*r - 11 = g. What is the tens digit of g/6*b + 25?
2
Let v = -1 + 3. Let t be (10/(-6))/(v/(-6)). Suppose 78 = 3*s + t*l, -l - 4*l = 0. What is the units digit of s?
6
Let w(g) = 20*g**3 + g**2 + 3*g + 2. Let h be w(2). Let f = h + -62. What is the tens digit of f?
1
Suppose 99 - 33 = 3*n. Let k = n + 6. What is the tens digit of k?
2
Let x(i) = -3 + 0*i - 22*i + 2. Let k(b) = 2*b**2 + 62*b + 58. Let y be k(-30). What is the units digit of x(y)?
3
Suppose -n + 4*a + 148 = 0, 0 = -0*n + n + 4*a - 140. What is the tens digit of n?
4
Let y = 32 + -14. Suppose 5*t + 12 = -y. What is the units digit of (t/(-4))/(3/6)?
3
Suppose 28*t = 4*u + 30*t - 15924, 0 = 5*u - 4*t - 19892. What is the thousands digit of u?
3
Let c = 16 - -879. What is the tens digit of c?
9
Let f = -9454 - -13642. What is the hundreds digit of f?
1
Let n(y) = -7*y**2 + 13*y + 3. Let k(x) = x**2 - x. Let b(w) = -5*k(w) - n(w). What is the units digit of b(7)?
9
Suppose -4*m + 126 = 3*r, -5*r + 94 + 116 = -m. Suppose 0 = -4*q - 2*b + 4 + 12, -4 = -b. Suppose -10 = -q*g + r. What is the tens digit of g?
2
Let t be 13/52*1*16. Suppose 5*a + 10 = -q, -t*q + 4*a + 32 = -0. What is the tens digit of q/15*6 - -57?
5
Let x be (6/15)/(3/(-285) + 0). Let n = x + 39. What is the units digit of n?
1
Suppose -6*x + 7 = -17. What is the units digit of (424/(-2))/x*-1?
3
Suppose 0*w + w + 41 = 4*x, -28 = -2*x - 2*w. Suppose x*c = 7*c - 116. What is the tens digit of (1 - -2)/((-3)/c)?
2
Let g(u) = 22*u + 1. Let q be g(2). What is the tens digit of (q/(-4))/(7/(-28))?
4
Suppose 4*z - 20 = -2*w, 0 = w - z - 2*z - 10. Suppose 0 = -3*q + 5*q - w. Suppose 2*d - 79 - q = 0. What is the units digit of d?
2
Let l(j) = -j**2 + 3*j + 12. Let b be l(5). Let p be 6*-1*(b - -8). What is the units digit of (-4)/10 - 2244/p?
7
Let n(t) = -t**3 - 7*t**2 + t - 6. Let c be -4 + (-5)/((-25)/(-20)). What is the units digit of n(c)?
0
Let k be (0 - -1) + -9 + 2. Let r be (-308)/(-60) + k/45. Suppose -r*t + 255 = 55. What is the tens digit of t?
4
Suppose -31 = -4*g + 1. Let o = 4 + g. Let s = o - -6. What is the units digit of s?
8
What is the tens digit of (-49616)/(-88) - (-6)/33?
6
Let z(d) = -d**3 - 14*d**2 + 20*d + 29. What is the hundreds digit of z(-17)?
5
Suppose 3*n + 6 = -4*a, 4*a - 4*n + 3 - 11 = 0. Suppose a*k = 4*k. Suppose -3*v - 5*p = -23, k = 2*v + 2*v + 5*p - 39. What is the tens digit of v?
1
Let w = -48 - -48. Suppose -30*d + 31*d - 59 = w. What is the tens digit of d?
5
Suppose 19 = 8*m - 5. Suppose 3*l = 5*d + 5*l - 300, 5*l = m*d - 211. What is the tens digit of d?
6
Let h(y) = -y**3 - 2*y - 1. Let c be h(0). What is the hundreds digit of 1939/14 - c/(-2)?
1
Let k(o) be the third derivative of 0*o - 1/12*o**4 + 0 + 5*o**2 + 5/3*o**3. What is the tens digit of k(-11)?
3
Let n be (-270)/(-4)*16/12. Suppose -i - n = -3*i. Let x = 111 - i. What is the tens digit of x?
6
Let h(n) = -n**2 + 23*n - 40. Let b be h(21). Suppose -5*r + 293 + 567 = -2*s, b*s = -r + 172. What is the tens digit of r?
7
Let l(v) = 2*v**3 - 6*v**2 - v + 3. Suppose 2*z = 7*z - 80. Let f = 20 - z. What is the tens digit of l(f)?
3
Suppose 3*k + 67 = l + 260, -5*l = -2*k + 146. Let t = k - 59. What is the units digit of t?
4
Suppose 0 = j - 2*h - 1224, -4*h = j - 5*j + 4904. Suppose 0 = -4*r + j - 468. What is the tens digit of r?
9
Let x(c) = 9*c + 2. Let r(t) = t + 1. Let p(m) = -6*r(m) + 2*x(m). Let y = -2 - -3. What is the tens digit of p(y)?
1
Let a(c) = 30*c + 84. Let m be a(-15). Let y = m - -525. What is the units digit of y?
9
Let z be (-84)/(-21) - (11 - 1). Let l be z/8 - (-258)/(-8). Let c = -30 - l. What is the units digit of c?
3
Let s(d) = -d**3 - 17*d**2 - 15*d - 10. Let b be s(-16). Let w = b + 43. What is the tens digit of w?
1
Suppose 5*j - 13 + 2 = 4*y, 0 = 4*j + 3*y - 15. Suppose j*v - 27 = 3*k, k - 2*k + 1 = 0. Let p = -7 + v. What is the units digit of p?
3
Let p(a) be the first derivative of -a - 4 + 1/4*a**4 + 0*a**2 - 4/3*a**3. What is the tens digit of p(5)?
2
Suppose 3*m - 51 = -0*m. Let p = 40 - m. Let l = p + 2. What is the tens digit of l?
2
Let y(n) = 4*n**2 - 59*n + 77. What is the hundreds digit of y(25)?
1
Suppose -5*k = 4*l - 152, -k - 2 = -6. Let c = l + 11. What is the tens digit of c?
4
Let r = 1645 + 1052. What is the units digit of r?
7
Suppose 0 = 3*p - 1 + 7. What is the tens digit of (p/5)/((-9)/(-45)) + 61?
5
Let j(g) = g + 5*g**3 - 2*g**3 - 2*g**3 + 1. Let c be (0/7)/((-3)/3*1). What is the units digit of j(c)?
1
Let m = 1391 - 631. What is the units digit of m?
0
Let l = -19 - -26. Let s be l + 1 + 0 + -3. Suppose -s*t = t - 78. What is the units digit of t?
3
Let w be 4/24 - ((-2499)/18 + 1). Let v = 258 - w. What is the hundreds digit of v?
1
Let r(q) = q**2 - 11*q. Let i be r(8). Let x = -3 + 38. Let d = i + x. What is the units digit of d?
1
Let h(c) = 7*c - 7. Suppose 6 + 3 = -l + 4*y, 2*y = 2*l. What is the tens digit of h(l)?
1
Let s(m) = -2*m - 5. Let g be s(-5). What is the tens digit of 0 - -60 - (-8 - (g - 9))?
6
Suppose -5*b + 1392 = -333. Let m = b - 203. What is the tens digit of m?
4
Let n(s) = 5 - s**2 + 14*s + 0*s**2 - 18. Let x = -450 - -460. What is the tens digit of n(x)?
2
Let q = 2 + 0. Suppose 2*p + b = -20 - 12, 10 = -p - q*b. What is the units digit of 10/(-45) + (-22)/p?
1
Let o = -7 - -7. Suppose -6*t + 3*t = o. Suppose -156 = -t*c - 4*c. What is the tens digit of c?
3
Let r(p) = -p**3 + 23*p**2 + 25*p - 24. Let f be r(24). Suppose f = -m - 46 + 119. What is the tens digit of m?
7
Let o(v) = -v + 2. Let l be o(-3). Suppos